 is the remainder when 571 is divided by 11?
10
Calculate the remainder when 1538 is divided by 67.
64
What is the remainder when 323 is divided by 13?
11
What is the remainder when 492 is divided by 246?
0
Calculate the remainder when 16424 is divided by 219.
218
Calculate the remainder when 91 is divided by 6.
1
What is the remainder when 194 is divided by 66?
62
Calculate the remainder when 4484 is divided by 195.
194
What is the remainder when 313 is divided by 162?
151
Calculate the remainder when 308 is divided by 39.
35
Calculate the remainder when 2979 is divided by 36.
27
Calculate the remainder when 148 is divided by 38.
34
Calculate the remainder when 307 is divided by 22.
21
What is the remainder when 27027 is divided by 116?
115
Calculate the remainder when 68 is divided by 51.
17
Calculate the remainder when 168 is divided by 45.
33
Calculate the remainder when 164 is divided by 10.
4
What is the remainder when 27 is divided by 16?
11
What is the remainder when 595 is divided by 46?
43
Calculate the remainder when 811 is divided by 12.
7
What is the remainder when 194 is divided by 64?
2
Calculate the remainder when 476 is divided by 60.
56
What is the remainder when 2397 is divided by 89?
83
Calculate the remainder when 257 is divided by 13.
10
What is the remainder when 1173 is divided by 147?
144
Calculate the remainder when 1235 is divided by 2.
1
What is the remainder when 9359 is divided by 45?
44
Calculate the remainder when 560 is divided by 93.
2
Calculate the remainder when 72 is divided by 19.
15
What is the remainder when 173 is divided by 166?
7
What is the remainder when 307 is divided by 28?
27
Calculate the remainder when 1589 is divided by 30.
29
Calculate the remainder when 827 is divided by 83.
80
What is the remainder when 8153 is divided by 233?
231
What is the remainder when 1358 is divided by 24?
14
What is the remainder when 67 is divided by 49?
18
Calculate the remainder when 3545 is divided by 394.
393
Calculate the remainder when 153 is divided by 24.
9
Calculate the remainder when 12906 is divided by 13.
10
What is the remainder when 403 is divided by 14?
11
Calculate the remainder when 180 is divided by 89.
2
What is the remainder when 580 is divided by 286?
8
Calculate the remainder when 46 is divided by 25.
21
Calculate the remainder when 134 is divided by 27.
26
Calculate the remainder when 1006 is divided by 46.
40
What is the remainder when 109 is divided by 56?
53
Calculate the remainder when 1132 is divided by 54.
52
Calculate the remainder when 295 is divided by 15.
10
Calculate the remainder when 82 is divided by 43.
39
Calculate the remainder when 2521 is divided by 16.
9
Calculate the remainder when 67174 is divided by 216.
214
What is the remainder when 234 is divided by 224?
10
Calculate the remainder when 141 is divided by 40.
21
Calculate the remainder when 2479 is divided by 21.
1
What is the remainder when 3057 is divided by 4?
1
What is the remainder when 8 is divided by 5?
3
Calculate the remainder when 5136 is divided by 135.
6
What is the remainder when 1859 is divided by 81?
77
What is the remainder when 1015 is divided by 199?
20
What is the remainder when 1547 is divided by 767?
13
Calculate the remainder when 100 is divided by 39.
22
What is the remainder when 9709 is divided by 1940?
9
What is the remainder when 52168 is divided by 111?
109
Calculate the remainder when 183 is divided by 10.
3
Calculate the remainder when 53 is divided by 41.
12
Calculate the remainder when 419 is divided by 302.
117
What is the remainder when 501 is divided by 427?
74
Calculate the remainder when 2135 is divided by 237.
2
Calculate the remainder when 23190 is divided by 11593.
4
What is the remainder when 677 is divided by 652?
25
Calculate the remainder when 4535 is divided by 36.
35
What is the remainder when 219 is divided by 29?
16
Calculate the remainder when 516 is divided by 150.
66
What is the remainder when 144 is divided by 38?
30
Calculate the remainder when 676 is divided by 158.
44
What is the remainder when 606 is divided by 19?
17
Calculate the remainder when 10762 is divided by 52.
50
What is the remainder when 63 is divided by 6?
3
What is the remainder when 440 is divided by 234?
206
Calculate the remainder when 4175 is divided by 16.
15
What is the remainder when 460 is divided by 66?
64
Calculate the remainder when 6259 is divided by 108.
103
Calculate the remainder when 249 is divided by 127.
122
Calculate the remainder when 1070 is divided by 120.
110
What is the remainder when 32 is divided by 17?
15
Calculate the remainder when 397 is divided by 80.
77
Calculate the remainder when 3148 is divided by 16.
12
Calculate the remainder when 275 is divided by 89.
8
What is the remainder when 156 is divided by 49?
9
What is the remainder when 532 is divided by 36?
28
Calculate the remainder when 292 is divided by 12.
4
Calculate the remainder when 1762 is divided by 63.
61
Calculate the remainder when 23614 is divided by 96.
94
Calculate the remainder when 176 is divided by 40.
16
Calculate the remainder when 7819 is divided by 51.
16
What is the remainder when 2784 is divided by 38?
10
What is the remainder when 179 is divided by 72?
35
Calculate the remainder when 2327 is divided by 7.
3
What is the remainder when 4524 is divided by 4?
0
Calculate the remainder when 88 is divided by 32.
24
Calculate the remainder when 639 is divided by 209.
12
What is the remainder when 872 is divided by 55?
47
Calculate the remainder when 376 is divided by 43.
32
What is the remainder when 770 is divided by 768?
2
Calculate the remainder when 70 is divided by 33.
4
What is the remainder when 66 is divided by 11?
0
What is the remainder when 3636 is divided by 65?
61
Calculate the remainder when 906 is divided by 101.
98
What is the remainder when 20 is divided by 13?
7
Calculate the remainder when 789 is divided by 105.
54
What is the remainder when 718 is divided by 45?
43
What is the remainder when 429 is divided by 9?
6
Calculate the remainder when 988 is divided by 484.
20
What is the remainder when 9825 is divided by 117?
114
What is the remainder when 1015 is divided by 49?
35
What is the remainder when 166 is divided by 21?
19
Calculate the remainder when 230 is divided by 52.
22
What is the remainder when 204 is divided by 13?
9
What is the remainder when 28 is divided by 20?
8
What is the remainder when 191 is divided by 12?
11
What is the remainder when 222 is divided by 46?
38
Calculate the remainder when 798 is divided by 8.
6
Calculate the remainder when 312 is divided by 75.
12
What is the remainder when 643 is divided by 60?
43
Calculate the remainder when 133 is divided by 84.
49
What is the remainder when 99 is divided by 38?
23
Calculate the remainder when 51 is divided by 18.
15
What is the remainder when 48 is divided by 19?
10
Calculate the remainder when 313 is divided by 20.
13
Calculate the remainder when 671 is divided by 68.
59
What is the remainder when 75 is divided by 6?
3
What is the remainder when 352 is divided by 330?
22
Calculate the remainder when 123 is divided by 48.
27
What is the remainder when 1259 is divided by 616?
27
Calculate the remainder when 230 is divided by 60.
50
What is the remainder when 2497 is divided by 4?
1
Calculate the remainder when 471 is divided by 111.
27
What is the remainder when 67 is divided by 37?
30
Calculate the remainder when 194 is divided by 35.
19
Calculate the remainder when 593 is divided by 20.
13
Calculate the remainder when 117 is divided by 11.
7
What is the remainder when 293 is divided by 62?
45
What is the remainder when 24 is divided by 6?
0
What is the remainder when 155 is divided by 63?
29
What is the remainder when 224 is divided by 94?
36
What is the remainder when 647 is divided by 40?
7
What is the remainder when 1660 is divided by 22?
10
What is the remainder when 30 is divided by 17?
13
What is the remainder when 1279 is divided by 21?
19
Calculate the remainder when 506 is divided by 253.
0
Calculate the remainder when 447 is divided by 145.
12
What is the remainder when 1652 is divided by 138?
134
What is the remainder when 155 is divided by 152?
3
Calculate the remainder when 120 is divided b